 + 4*q - 5946 = 41*d. What is the tens digit of d?
8
Let a = -3193 - -4114. What is the units digit of a?
1
Suppose 0 = -27*a + 6 - 6. Suppose -14*x - 4*y + 354 = -12*x, 4*y + 8 = a. What is the units digit of x?
1
Suppose -124 = 4*g - 140. Suppose -m = g*m + 5*n - 2340, 0 = 2*n - 4. What is the tens digit of m?
6
What is the units digit of -238*16/32*-101?
9
Suppose 0 = -6*o + 25*o - 3496. Let x = o + -58. What is the units digit of x?
6
Let h(t) = 3*t**2 + 14*t - 8. Let d be h(10). Suppose -4*k - 2*p + d = 0, 12 = 3*p - 6*p. What is the tens digit of k?
1
Let k = 20 - 24. Let j be ((-25)/10 - k)/((-6)/136). Let c = 9 - j. What is the tens digit of c?
4
Let u be (1*16)/(5/3110). Suppose -9*d = -u - 6014. What is the thousands digit of d?
1
Suppose -2*w + 13284 = g, -3*w + 8*w - 3*g = 33188. What is the thousands digit of w?
6
Suppose -3*v = 4*p - 66902, 25*p = 26*p + 5*v - 16700. What is the units digit of p?
0
Suppose -57 = -8*n - 27*n + 258. Let p(x) = -x**3 - 9*x**2 - 10*x - 5. Let l be p(-8). Suppose -n*c - 330 = -l*c. What is the units digit of c?
5
Let p = 1523 + -363. Suppose -3*i - 419 + p = -3*u, 4*i + 2*u = 958. What is the tens digit of i?
4
Suppose 0*b = -2*w - 2*b - 6, 5*b - 3 = 4*w. Let t be -294*1/6*w. Let y = 165 - t. What is the tens digit of y?
6
What is the tens digit of 456/(-1 - 55/(-22))?
0
Let y be 16/2 + 12/(-2). Suppose -2*f - 3*c - 38 = -243, -5*f - y*c + 496 = 0. What is the units digit of f?
8
Suppose -24*h = -17*h - 35. What is the units digit of (-1229)/(-1) + (5 - h)?
9
Let r be ((-3)/(-12))/(38/456). Suppose 2*v - 167 - 624 = -3*w, 2*w - 1184 = -r*v. What is the tens digit of v?
9
Suppose -5*c - 15*c = 34320. Let n = c + 3017. What is the hundreds digit of n?
3
Let b(k) = k - 12. Let l be b(14). Suppose 4*u - 4 = -i - 1, 5*i - 5*u + 10 = 0. What is the tens digit of i/2 - (-53)/l?
2
Let d = -18607 - -33714. What is the hundreds digit of d?
1
Let h(t) = -t**3 + 31*t**2 + 73*t - 216. What is the tens digit of h(29)?
8
Let h(x) = -13*x**3 - 14*x**2 - 47*x + 48. What is the tens digit of h(-7)?
5
What is the units digit of 9 - 3 - 3256916/(-52)?
9
Suppose 864 = -8*f + 32*f. What is the units digit of 8/f + (-1256)/(-18)?
0
Suppose 37*o = 46*o + 135. What is the hundreds digit of -438*((-4)/6 - (-5)/o)?
4
Let v(y) = 3*y - 8*y + 6*y + y**3 - 20*y - 13 + 2*y**2. What is the units digit of v(7)?
5
Let k be (72 + -72)*2/(-4). Suppose -140 = 3*n - 1562. Suppose p + 5*p - n = k. What is the tens digit of p?
7
Let w = 13 - 19. Let b(a) = 2*a**2 - 12*a + 3. Let g be b(w). Let t = g - 9. What is the tens digit of t?
3
What is the hundreds digit of (-14)/(-4) + -5 + 837/2?
4
Let u = -207 + 210. Suppose -5*k + 1533 = u*a, -2*k + 512 = -a + 2*a. What is the units digit of a?
6
Let s(v) = 1286*v**2 - 313*v - 2. What is the hundreds digit of s(-6)?
1
Let g be 1/(5 + -2) + (-40)/(-6). Suppose 4*x = -g*x - 1023. Let m = -25 - x. What is the tens digit of m?
6
Let l = 42542 + -2932. What is the thousands digit of l?
9
Suppose -95*s = -1096497 - 790972 - 76371. What is the thousands digit of s?
0
Suppose 15*y = -3454 - 5156. What is the tens digit of 2 - ((-12)/(-6) + y)?
7
Suppose -348*b + 14172494 = 3891837 - 6373231. What is the units digit of b?
6
Let i be -1*(-477)/2*8/3. Suppose -4*g = 10*l - 8*l - i, l - 792 = -5*g. What is the hundreds digit of g?
1
Suppose -3*q - 7265 = -3*p + 10708, 23954 = 4*p - 2*q. What is the thousands digit of p?
5
Let k(s) = 50*s - 131. Suppose 2*b + 52 = 4*h, 4*h + b = 3*h + 7. What is the hundreds digit of k(h)?
4
Let t(k) = 16*k + 59. Let j be t(-5). What is the hundreds digit of ((-2768)/(-10))/(-1 + j/(-15))?
6
Let y(m) = -m**3 + 17*m**2 + 37*m + 19. Let n be y(19). Suppose 4*h + n*h + 1683 = 3*r, -5*r + 3*h = -2816. What is the tens digit of r?
6
Let t = 62 - -67. Suppose -6*f - t = -321. What is the units digit of (152/f)/((-2)/(-8))?
9
Let c = 112 + -76. Let a = -32 + c. Let g = a + 55. What is the tens digit of g?
5
Suppose -2*f - 1 = -7, -5*s + 10 = 5*f. What is the units digit of (-1227)/(-6) + 3/6 + s?
4
Let c be (4/(-3))/((-8)/(-12)). Let w(y) = 2*y**2 + 4*y + 1. Let v(z) = -z**3 + 6*z**2 + 13*z + 3. Let p(j) = 4*v(j) - 14*w(j). What is the units digit of p(c)?
2
Let n = 10704 + -7186. What is the tens digit of n?
1
What is the tens digit of ((12864 - -4)/(5/(-2)))/((-324)/1620)?
3
Suppose -a - 3 = -2*a. Let n = 1520 + -1404. Suppose -h = -a*h + n. What is the tens digit of h?
5
Let a(x) = x**3 - 24*x**2 - 49*x - 208. What is the tens digit of a(32)?
1
Suppose 17*k = 15*k + 16. Suppose -k*w + 156 = -10*w. Let q = w - -152. What is the tens digit of q?
7
Let x(s) = s**3 + s + 299. Let v be (1 + 5/(-4))*0. What is the hundreds digit of x(v)?
2
Suppose 35 - 101 = 6*q. Let g(l) = 3*l**2 + 12*l - 10. What is the tens digit of g(q)?
2
Let q = -5865 + 10189. What is the tens digit of q?
2
Suppose -4*i - 5*p + 58 = -3*p, 3*i = -5*p + 47. Suppose 25*k - i*k = 14476. What is the tens digit of k?
1
Let a(q) = -17*q**3 + 13*q**2 - 20*q - 22. Let n be a(-22). Suppose -n = -4*s - 3*s. What is the hundreds digit of (-1)/(-11)*2 - s/(-242)?
1
Let g(w) = w**3 + 7*w**2 - 10*w + 14. Let n be g(-8). Suppose 0 = q, n = -3*i + q - 45. Let c = 19 - i. What is the units digit of c?
4
Let m be (-2 - -6)*(-4 + (-42)/(-12)). Suppose -3*f + 306 = -3*s, -2*f + f + 102 = 2*s. What is the units digit of f*((-4)/(-16))/(m/(-8))?
2
Let w(i) = 216*i - 6. Let x be w(6). Suppose 11*d + x = 6*d. Let y = d + 365. What is the tens digit of y?
0
Suppose 5*v + 19 - 9 = 0. Let n be (4 + v)/(1/8). What is the units digit of n/88 + 559/11?
1
Let j = 241 - 239. Let f = 158 - 94. Suppose f = j*y - 174. What is the tens digit of y?
1
Let b(z) = -3281*z + 79. What is the units digit of b(-2)?
1
Let q be (-10)/(-55) + 6/33*-1. Let j = q - 4. What is the units digit of (1160/(-7) + j/14)/(-2)?
3
Suppose -25 = -s - 24. Let r(x) = 47*x**3 + 1. What is the units digit of r(s)?
8
Suppose 0 = -3*m - 15, 3*m = -6*r + r - 15. Suppose 4*x - 2*i - 12 = r, 0 = 2*x + 2*x + i. What is the units digit of x - 1 - (-36 + 5)?
1
What is the tens digit of (-1)/5 - ((-2712798)/(-55))/(-18)?
4
Suppose 10 = 3*n + 13. Let b be (n/6*2)/((-1)/15). Suppose -2*r = b*m - 148, -4*r - 4*m = -0*m - 320. What is the units digit of r?
4
Let h(v) = 62*v**2 + 9*v - 49. What is the tens digit of h(8)?
9
Let d = 81 - 31. Suppose -d = -2*r - 14. What is the tens digit of (1092/r)/((-2)/(-3)) + -1?
9
Let k(s) = -9*s + 39. Let j be k(12). Let d = j - -67. What is the tens digit of (1485/30)/((-1)/d)?
9
Suppose -5*u = 4*x - 3, -4*u - 6 = -3*x - 9*u. Let w(f) = 7*f + 3. Let s be w(x). What is the units digit of -34*s/20*20/6?
2
Let i = 10051 + 1090. Suppose 1270 + i = 7*q. What is the units digit of q?
3
Suppose -7*o + 3*o + 8 = 0. Suppose -q + 158 = 3*t, o*q = t - 172 + 453. Let w = q - -19. What is the hundreds digit of w?
1
Suppose 24041 = 10*n - 159779. What is the tens digit of n?
8
Suppose 4*g - 3 = -a + 14, g + 17 = 4*a. Suppose -g*n + 9*n = 624. What is the hundreds digit of n?
1
Let j(o) = -1906*o - 55. What is the hundreds digit of j(-2)?
7
Let o(x) = -2*x + 1158. Let y be o(0). Suppose y + 638 = 4*q. What is the tens digit of q?
4
What is the hundreds digit of (131825/(-150) + (-3)/18)/(-1) - 4?
8
Suppose 0 = -36*r + 109330 + 214526. Suppose 517 + r = 21*l. What is the units digit of l?
3
Suppose 4*c = -q - 9408, -2*q = -0*c + 3*c + 7056. Let w = 4076 + c. What is the tens digit of w?
2
Let k(u) be the first derivative of 73*u**3/3 - 5*u**2/2 - 3*u + 25. What is the hundreds digit of k(3)?
6
Suppose -5*g = 7 - 17. Suppose v = 2*y - 3, -y + 4 = v - g. What is the tens digit of 10*v*(-56)/(-20)?
8
Let j = -78 + 82. Let f(a) = 67*a - 2. Let g be f(j). Suppose 37*c + g = 39*c. What is the units digit of c?
3
Suppose 0 = -5*z + 4*n + 101, 3*z + 84 = 7*z - 4*n. Let m = 2 - -3. Suppose -d + 2 = 2*v - 5, -m*v - 2*d + z = 0. What is the units digit of v?
3
Let w be -2 + 2 - -3 - (-324)/2. Suppose -5*p = w - 605. What is the tens digit of -3 + -12*p/(-12)?
8
Let n = -8 - -12. Let o = -1409 - -1409. Suppose 0 = -3*u + q - n*q + 33, o = 4*u + 5*q - 46. What is the units digit of u?
9
Let p = 9 - 5. Let j be (4/(-32))/((-5)/120). Suppose p*m + j*c = -m + 758, 2*m = 4*c + 324